d by 20.
1
What is the remainder when 114 is divided by 59?
55
Calculate the remainder when 10857 is divided by 362.
359
Calculate the remainder when 72 is divided by 15.
12
What is the remainder when 617 is divided by 50?
17
What is the remainder when 574 is divided by 173?
55
Calculate the remainder when 20 is divided by 12.
8
What is the remainder when 13522 is divided by 84?
82
What is the remainder when 63 is divided by 22?
19
Calculate the remainder when 57 is divided by 19.
0
What is the remainder when 3080 is divided by 23?
21
Calculate the remainder when 222 is divided by 116.
106
What is the remainder when 288 is divided by 84?
36
Calculate the remainder when 118 is divided by 24.
22
What is the remainder when 3463 is divided by 11?
9
What is the remainder when 41 is divided by 21?
20
What is the remainder when 341 is divided by 18?
17
What is the remainder when 63 is divided by 19?
6
Calculate the remainder when 570 is divided by 114.
0
What is the remainder when 627 is divided by 88?
11
What is the remainder when 660 is divided by 42?
30
What is the remainder when 439 is divided by 44?
43
Calculate the remainder when 1119 is divided by 19.
17
Calculate the remainder when 2223 is divided by 89.
87
What is the remainder when 118 is divided by 78?
40
Calculate the remainder when 158 is divided by 30.
8
What is the remainder when 20 is divided by 16?
4
Calculate the remainder when 3175 is divided by 32.
7
What is the remainder when 1699 is divided by 93?
25
What is the remainder when 6527 is divided by 163?
7
What is the remainder when 2506 is divided by 109?
108
Calculate the remainder when 46 is divided by 8.
6
What is the remainder when 505 is divided by 137?
94
Calculate the remainder when 85 is divided by 40.
5
What is the remainder when 42 is divided by 8?
2
Calculate the remainder when 769 is divided by 372.
25
Calculate the remainder when 141 is divided by 24.
21
What is the remainder when 355 is divided by 133?
89
What is the remainder when 111 is divided by 20?
11
What is the remainder when 12087 is divided by 23?
12
Calculate the remainder when 1618 is divided by 808.
2
Calculate the remainder when 363 is divided by 14.
13
Calculate the remainder when 142 is divided by 46.
4
Calculate the remainder when 2427 is divided by 30.
27
Calculate the remainder when 261 is divided by 123.
15
Calculate the remainder when 218 is divided by 6.
2
Calculate the remainder when 429 is divided by 6.
3
Calculate the remainder when 1977 is divided by 12.
9
Calculate the remainder when 1577 is divided by 55.
37
Calculate the remainder when 195 is divided by 49.
48
Calculate the remainder when 635 is divided by 161.
152
Calculate the remainder when 517 is divided by 256.
5
What is the remainder when 172142 is divided by 232?
230
Calculate the remainder when 466 is divided by 9.
7
What is the remainder when 27 is divided by 23?
4
What is the remainder when 77 is divided by 38?
1
Calculate the remainder when 817 is divided by 109.
54
What is the remainder when 137 is divided by 24?
17
Calculate the remainder when 248 is divided by 32.
24
What is the remainder when 95 is divided by 54?
41
What is the remainder when 93 is divided by 17?
8
What is the remainder when 4049 is divided by 9?
8
Calculate the remainder when 3078 is divided by 40.
38
What is the remainder when 368 is divided by 21?
11
Calculate the remainder when 37 is divided by 19.
18
What is the remainder when 451 is divided by 13?
9
Calculate the remainder when 179 is divided by 32.
19
Calculate the remainder when 253 is divided by 46.
23
What is the remainder when 176 is divided by 29?
2
What is the remainder when 5813 is divided by 9?
8
What is the remainder when 2105 is divided by 259?
33
What is the remainder when 500 is divided by 306?
194
What is the remainder when 1445 is divided by 14?
3
What is the remainder when 435 is divided by 211?
13
Calculate the remainder when 1608 is divided by 265.
18
Calculate the remainder when 690 is divided by 28.
18
Calculate the remainder when 336 is divided by 90.
66
Calculate the remainder when 2963 is divided by 26.
25
Calculate the remainder when 1592 is divided by 7.
3
What is the remainder when 107 is divided by 12?
11
What is the remainder when 350 is divided by 39?
38
What is the remainder when 2295 is divided by 28?
27
Calculate the remainder when 242 is divided by 65.
47
Calculate the remainder when 254 is divided by 13.
7
Calculate the remainder when 387 is divided by 10.
7
What is the remainder when 3360 is divided by 1117?
9
What is the remainder when 4507 is divided by 22?
19
Calculate the remainder when 1713 is divided by 52.
49
What is the remainder when 466 is divided by 10?
6
Calculate the remainder when 76 is divided by 14.
6
Calculate the remainder when 47 is divided by 12.
11
What is the remainder when 554 is divided by 18?
14
Calculate the remainder when 723 is divided by 203.
114
What is the remainder when 425 is divided by 409?
16
Calculate the remainder when 1132 is divided by 126.
124
What is the remainder when 77 is divided by 2?
1
Calculate the remainder when 307 is divided by 28.
27
What is the remainder when 35 is divided by 19?
16
What is the remainder when 217 is divided by 102?
13
Calculate the remainder when 43 is divided by 23.
20
What is the remainder when 298 is divided by 23?
22
What is the remainder when 208 is divided by 84?
40
Calculate the remainder when 55 is divided by 12.
7
What is the remainder when 63 is divided by 14?
7
What is the remainder when 152 is divided by 14?
12
What is the remainder when 484 is divided by 54?
52
What is the remainder when 5573 is divided by 223?
221
What is the remainder when 141 is divided by 34?
5
What is the remainder when 86 is divided by 7?
2
Calculate the remainder when 4105 is divided by 26.
23
Calculate the remainder when 203 is divided by 72.
59
Calculate the remainder when 752 is divided by 132.
92
Calculate the remainder when 188 is divided by 22.
12
What is the remainder when 5868 is divided by 44?
16
What is the remainder when 52417 is divided by 303?
301
Calculate the remainder when 6 is divided by 3.
0
What is the remainder when 971 is divided by 18?
17
What is the remainder when 52 is divided by 9?
7
What is the remainder when 1389 is divided by 116?
113
What is the remainder when 79 is divided by 27?
25
Calculate the remainder when 1373 is divided by 22.
9
What is the remainder when 232 is divided by 51?
28
Calculate the remainder when 1307 is divided by 119.
117
Calculate the remainder when 7421 is divided by 64.
61
Calculate the remainder when 2353 is divided by 54.
31
What is the remainder when 748 is divided by 54?
46
What is the remainder when 361 is divided by 14?
11
What is the remainder when 46 is divided by 17?
12
What is the remainder when 162 is divided by 93?
69
What is the remainder when 242 is divided by 95?
52
Calculate the remainder when 1713 is divided by 7.
5
Calculate the remainder when 5 is divided by 1.
0
What is the remainder when 108 is divided by 13?
4
What is the remainder when 138 is divided by 65?
8
What is the remainder when 2066 is divided by 207?
203
Calculate the remainder when 355 is divided by 83.
23
Calculate the remainder when 171 is divided by 56.
3
Calculate the remainder when 1480 is divided by 13.
11
What is the remainder when 759 is divided by 127?
124
Calculate the remainder when 468 is divided by 82.
58
What is the remainder when 2052 is divided by 36?
0
Calculate the remainder when 646 is divided by 81.
79
Calculate the remainder when 575 is divided by 479.
96
What is the remainder when 1060 is divided by 19?
15
What is the remainder when 189 is divided by 28?
21
What is the remainder when 146 is divided by 29?
1
Calculate the remainder when 70 is divided by 4.
2
What is the remainder when 129 is divided by 45?
39
Calculate the remainder when 203 is divided by 109.
94
What is the remainder when 89 is divided by 3?
2
What is the remainder when 584 is divided by 59?
53
Calculate the remainder when 671 is divided by 7.
6
Calculate the remainder when 50 is divided by 16.
2
Calculate the remainder when 1609 is divided by 273.
244
Calculate the remainder when 681 is divided by 6.
3
What is the remainder when 6273 i